ive of r**2/2 + r - 3. What is the units digit of t(1)?
2
Let j(v) be the first derivative of -v**5/60 + v**4/3 - v**3/2 + v**2 + 2. Let p(i) be the second derivative of j(i). What is the units digit of p(6)?
9
Suppose -4*r = -2 - 14. Suppose -r*p + 8 = -2*p. Suppose c - 7 = -2*b, 4*b + 0*b = -p*c + 4. What is the units digit of b?
6
Suppose -2*j + 84 = -3*s, 2*j - 3*j + 44 = -2*s. What is the units digit of j?
6
Suppose 2*o - 4*o + 6 = 0. What is the tens digit of ((-8)/10)/(o/(-45))?
1
Let j = -163 - -274. What is the units digit of j?
1
Let v(u) = -13 + u**2 + 13. What is the units digit of v(2)?
4
What is the units digit of (-10 + 9)/((-3)/(-6) + -1)?
2
Let c be (1 - -2)/(8/16). Suppose 3*r - 15 = c. What is the units digit of r?
7
Let l(k) = -k**3 + 5*k**2 + k - 4. Let w be (-29)/(-9) - 18/81. Suppose -2*a + 2*f = -8, -f = -5*a - w*f + 20. What is the units digit of l(a)?
6
Let g(p) = -p**3 - p**2 + 1. Let b(x) = 5*x**3 + 9*x**2 + 2*x - 3. Let n(s) = b(s) + 4*g(s). What is the units digit of n(-3)?
3
Suppose -d = -23 + 7. Let z = d - 11. What is the units digit of z?
5
Let y(n) = -n. Let a be y(5). Let o = a + -1. What is the units digit of (-9)/o*10/3?
5
Let u be (-4)/(-10) + 97/(-5). Let m = 37 + u. Suppose 2*f = 4*f - m. What is the units digit of f?
9
Let q be 2/10 + 28/10. Suppose -1 = f, -q*v = -v - f - 1. Suppose -2*k = -8 - v. What is the units digit of k?
4
What is the units digit of 55/1 + (-10 - -10)?
5
Let d(b) = b - 10. Let a be d(7). What is the units digit of 40 - a/4*-4?
7
Let r(p) = 3*p + 146. What is the units digit of r(0)?
6
Let m = 16 + 8. What is the tens digit of m - (0 + 0 + 1)?
2
Let n(a) = 3*a**3 - 7*a**2 - 4*a + 9. What is the units digit of n(5)?
9
Let r be (-6)/4 + (-28)/(-8). Let c be (0 - -1) + (-2)/(-2). Suppose -4*h = -r - c. What is the units digit of h?
1
Suppose 0 = w + 2*h - 30, -2*w + 51 = h - 0*h. Suppose k = w + 8. Let n = -19 + k. What is the tens digit of n?
1
Suppose 2*c - 7 = 61. What is the tens digit of c?
3
Let t = -4 - -5. Suppose -u + 1 = -t. What is the units digit of -3*(3 - 4 - u)?
9
Let r(x) = x + 4. Let v be r(-4). Let w(s) be the second derivative of s**3/6 + 9*s**2/2 - 2*s. What is the units digit of w(v)?
9
Let w = 52 - 29. What is the units digit of w?
3
Suppose -l - 38 = -2*l. What is the units digit of l?
8
Suppose 5*j = -10 - 0. What is the units digit of 9/(-6) + (-9)/j?
3
Let s(j) = j**3 + 8*j**2 + 6*j. What is the tens digit of s(-4)?
4
Suppose -u = d - 0 - 32, -u = 4*d - 17. What is the units digit of u?
7
Let y(d) = d**2 + d. Let b be y(-1). Suppose -4*g + b*g + 76 = 0. What is the units digit of g?
9
Let l be (-2)/7 - 16/(-7). Suppose 3*p = 4*p - l. Suppose -p*r - 3*r = -15. What is the units digit of r?
3
Let p be (-16)/6*33/(-44). Suppose -4*k + 4 = 3*u, -p*u + 7*k = 2*k - 41. What is the units digit of u?
8
Let n(i) = -i**3 + 9*i**2 + 12*i - 11. Let g be n(10). Let p = g - -5. What is the tens digit of p?
1
Let w(h) be the third derivative of 0 + h**2 - 1/12*h**4 + 1/6*h**3 + 0*h. What is the units digit of w(-3)?
7
Let n = 11 + 13. Suppose -n - 1 = -o. Suppose -4*t + o = 9. What is the units digit of t?
4
Suppose -3*w = 3, 2*p = 3*p + 5*w - 91. What is the tens digit of p?
9
Let p(v) = v - 3. Let z be p(7). Suppose o - 8 - z = -2*l, -3*o + l = -1. Suppose f + 13 = o*g + 2, -3*g + 6 = -5*f. What is the units digit of g?
7
Suppose -17 = -2*w + 13. What is the units digit of w?
5
Suppose -5*a + 13 = -3*x, -4*a = 3*x - 21 - 11. What is the units digit of a?
5
Let q(f) be the first derivative of -f**2 - 4*f + 1. Let i(o) = o**2 + 10*o - 3. Let g be i(-10). What is the units digit of q(g)?
2
Let f(r) = r - 2. Suppose 4*x - 25 = 11. What is the units digit of f(x)?
7
What is the units digit of ((-600)/(5 - 1))/(-2)?
5
Let b = 0 - -4. Let g = -5 + b. What is the units digit of -1 - (-1)/g*-4?
3
Suppose -2*h - 10 = -80. What is the units digit of h?
5
Suppose -2*z + 3*x + 10 = 5*x, 5*z - 5*x = 25. Suppose 3*p - 48 = -5*d + 75, 4*p + z*d = 159. What is the tens digit of p?
3
Let y(a) = 2*a + 3. Let o be 14 - (1 - (2 + -1)). Let t = -11 + o. What is the units digit of y(t)?
9
Let h be -1 + ((-6)/3)/(-1). What is the units digit of 5/h - (-1 - -3)?
3
Let j(k) = k**2 - 6*k + 7. Let s = 5 + -7. Let f = 3 - s. What is the units digit of j(f)?
2
Suppose 5*n - 6 = 2*n. Let d = -3 + 6. Suppose 5*h - n*y + 4 = 1, d*h = -5*y + 23. What is the units digit of h?
1
Let i(q) = -3*q**3 + 20*q**2 + 22*q + 16. Let w(z) = -4*z**3 + 30*z**2 + 33*z + 24. Let x(r) = 7*i(r) - 5*w(r). Let a = 5 + -14. What is the tens digit of x(a)?
1
Let h(m) = -m**3 + 5*m**2 - 6*m + 6. Let u be h(4). Let z(i) = -5*i**2. Let f be z(1). Let p = u - f. What is the units digit of p?
3
Suppose -u - 2 = u. Let x(s) = 1 - 2 + 3 - 1 - 10*s. What is the units digit of x(u)?
1
What is the units digit of (-250 - -13)*(-1 + (-4)/(-6))?
9
Suppose w = -0 + 2. Suppose w*r + 3*r = 45. What is the units digit of r?
9
Let h(c) = -4*c. Suppose 3*g + 4*w + 26 = 0, -4*g - 14 = -2*g + 2*w. Let i be h(g). Suppose 0*d = 2*d - i. What is the units digit of d?
4
Let h(i) = 3*i - 3. Let l be h(2). Suppose a - l*j - 24 = 0, -5*a = -j - 68 + 18. What is the units digit of a?
9
Suppose -2*t = -4*a + 226, -t - 241 = -4*a - 2*t. What is the tens digit of a?
5
Let m(n) = -n**2 - 6*n - 4. Let s be m(-4). Let z = s + -1. Suppose -z*g - 6 = -51. What is the tens digit of g?
1
What is the units digit of (-7 - -11)*(1 + 40)?
4
What is the units digit of 2/(-5) + 0 + 1851/15?
3
Let a = -214 - -134. Let j = a + 115. What is the tens digit of j?
3
Suppose -40 = -5*o - 15. What is the units digit of o?
5
Let h(q) = -q - 2. Suppose -4*f = -f + 27. What is the units digit of h(f)?
7
Let z be 0 + -3 + (-156)/(-4). Let a = -23 + z. What is the tens digit of a?
1
Suppose -2*w + 8*w = 96. What is the tens digit of w?
1
Let v be ((-13)/2)/((-2)/12). Suppose 3*i + 6 = 5*p - 4*p, 2*p + 3*i = v. What is the tens digit of p?
1
Let s = 2 + 1. Let l = 5 + s. What is the units digit of l?
8
Let g = 2 + -2. Let p(r) = -r + 6. Let c be p(g). Suppose -3 = -d, -2*y + 4*d + c = -0. What is the units digit of y?
9
Suppose 2*i = 5*m - 98, -m + 43 = m + 3*i. What is the units digit of m?
0
Suppose p = -3*p + 64. Suppose k - p = -0*k. Suppose 0 = -4*m - 0 + k. What is the units digit of m?
4
Let b(y) = 4*y**3 - 2*y**3 - 14 - y**3 - 4*y + 10*y**2 + 0*y**3. Let r be b(-10). What is the units digit of r/3 + 2/6?
9
Let o = -73 + -16. Let u = -54 - o. What is the units digit of u?
5
Suppose 124 = -4*d - 4*g, 4*d + 122 = -0*d - 3*g. Suppose -v + 35 = -8*k + 3*k, 5*v - 199 = k. Let a = v + d. What is the tens digit of a?
1
Let l be -1*(-2)/4*0. Suppose l*i - 5 = -i. What is the units digit of i?
5
Let p(k) = -13*k + 7. What is the units digit of p(-5)?
2
Suppose c + t - 17 = -2*t, -61 = -4*c - 5*t. Let r = 4 - c. What is the units digit of (-76)/r - 6/(-15)?
8
Suppose u + u + 2 = 0. Let o = -1 - u. Let z = 1 - o. What is the units digit of z?
1
Suppose -5*i + 9 = -2*i. Suppose 5*x = u + 26, 0*x = -5*x + i*u + 28. Suppose 0*p + 48 = x*p + m, -5*p + 5*m + 30 = 0. What is the units digit of p?
9
Let o(t) = 4*t**2 + 4*t + 4. Let v be o(-3). Suppose -5*r + v = -42. What is the units digit of r?
4
What is the units digit of (7/14)/((-1)/(-36))?
8
Let i(c) = c + 4. Let j = 19 + -10. Suppose 3*q + 3*f - j = 0, 3*q - 2*f - 14 = -6*f. What is the units digit of i(q)?
2
Suppose 0 = -j + 7 + 30. Let y = j - -150. What is the tens digit of y/9 - (-6)/27?
2
Let i be 0 + 5 - (2 - 1). Let g = 21 - i. Suppose -4*a = -v - 2*v - 11, -v - g = -4*a. What is the units digit of v?
3
Let t be (-2407)/(-4) - (-2)/8. What is the units digit of (-6)/39 - t/(-26)?
3
Suppose 8 = -5*x + 53. Suppose -2*r + x = -27. What is the units digit of r?
8
Suppose 10*v - 3*v - 973 = 0. What is the tens digit of v?
3
Suppose 3*f = -2*f + 145. Let o = f - 21. What is the units digit of o?
8
Let q(c) = 2*c**3 - 4*c**2 - 12. Let a(s) = -s**3 + s**2 - 1. Let w(n) = -3*a(n) - q(n). What is the units digit of w(0)?
5
Let d be 978/4 + 3/(-6). What is the tens digit of (-22)/121 - d/(-11)?
2
Suppose -476 = -7*s + 434. What is the tens digit of s?
3
Let z = 20 - -5. What is the units digit of z?
5
Let w be (-1 - -53) + -4 + 4. Supp